it of 153531?
5
What is the thousands digit of 2101100?
1
What is the hundred thousands digit of 5467152?
4
What is the hundreds digit of 820284?
2
What is the tens digit of 377229?
2
What is the ten thousands digit of 418187?
1
What is the hundreds digit of 283951?
9
What is the millions digit of 2639480?
2
What is the hundred thousands digit of 239545?
2
What is the millions digit of 22270173?
2
What is the ten thousands digit of 42310?
4
What is the hundred thousands digit of 3579882?
5
What is the ten thousands digit of 580977?
8
What is the thousands digit of 503932?
3
What is the ten thousands digit of 12694328?
9
What is the tens digit of 335121?
2
What is the hundred thousands digit of 24251559?
2
What is the hundred thousands digit of 534483?
5
What is the millions digit of 8258443?
8
What is the hundred thousands digit of 7878177?
8
What is the ten thousands digit of 257047?
5
What is the tens digit of 10565158?
5
What is the hundred thousands digit of 703878?
7
What is the tens digit of 10447311?
1
What is the tens digit of 13296?
9
What is the tens digit of 205436?
3
What is the ten thousands digit of 32212093?
1
What is the hundreds digit of 76804?
8
What is the ten thousands digit of 178139?
7
What is the ten thousands digit of 99803?
9
What is the tens digit of 1413350?
5
What is the tens digit of 276778?
7
What is the ten thousands digit of 8553668?
5
What is the tens digit of 222787?
8
What is the hundreds digit of 4936104?
1
What is the hundreds digit of 220730?
7
What is the hundreds digit of 294656?
6
What is the tens digit of 547025?
2
What is the hundred thousands digit of 319645?
3
What is the hundred thousands digit of 207987?
2
What is the thousands digit of 783863?
3
What is the tens digit of 832646?
4
What is the hundreds digit of 223792?
7
What is the millions digit of 2854261?
2
What is the tens digit of 723101?
0
What is the tens digit of 11489862?
6
What is the tens digit of 141617?
1
What is the units digit of 951948?
8
What is the thousands digit of 21031985?
1
What is the units digit of 15009909?
9
What is the ten thousands digit of 39710138?
1
What is the tens digit of 567925?
2
What is the tens digit of 23653395?
9
What is the thousands digit of 4371907?
1
What is the millions digit of 22773737?
2
What is the millions digit of 1145208?
1
What is the hundreds digit of 3106551?
5
What is the hundred thousands digit of 2930456?
9
What is the units digit of 200737?
7
What is the units digit of 414823?
3
What is the hundred thousands digit of 1879107?
8
What is the hundreds digit of 360508?
5
What is the hundred thousands digit of 391687?
3
What is the tens digit of 1631568?
6
What is the tens digit of 12531047?
4
What is the hundreds digit of 150294?
2
What is the units digit of 13992069?
9
What is the units digit of 189257?
7
What is the millions digit of 3349507?
3
What is the hundreds digit of 68523?
5
What is the hundred thousands digit of 29710856?
7
What is the units digit of 3044512?
2
What is the hundreds digit of 20025243?
2
What is the tens digit of 1443077?
7
What is the thousands digit of 282586?
2
What is the hundred thousands digit of 111316?
1
What is the units digit of 521735?
5
What is the hundreds digit of 1512225?
2
What is the hundreds digit of 379254?
2
What is the ten thousands digit of 178300?
7
What is the ten thousands digit of 1245343?
4
What is the ten thousands digit of 287838?
8
What is the ten thousands digit of 3214361?
1
What is the hundred thousands digit of 20177271?
1
What is the ten thousands digit of 66481?
6
What is the hundreds digit of 696638?
6
What is the units digit of 989159?
9
What is the ten thousands digit of 4282169?
8
What is the tens digit of 17099229?
2
What is the ten thousands digit of 32526837?
2
What is the thousands digit of 14303987?
3
What is the tens digit of 202180?
8
What is the ten thousands digit of 29236?
2
What is the hundreds digit of 17865747?
7
What is the millions digit of 1023400?
1
What is the millions digit of 1239503?
1
What is the thousands digit of 1248711?
8
What is the hundreds digit of 649342?
3
What is the tens digit of 3139232?
3
What is the tens digit of 26249864?
6
What is the tens digit of 8408980?
8
What is the hundred thousands digit of 27995254?
9
What is the hundreds digit of 205387?
3
What is the ten thousands digit of 29938672?
3
What is the ten thousands digit of 43517928?
1
What is the ten millions digit of 31675165?
3
What is the millions digit of 14480314?
4
What is the millions digit of 2771198?
2
What is the millions digit of 2379400?
2
What is the hundreds digit of 4520873?
8
What is the tens digit of 398566?
6
What is the hundred thousands digit of 1054864?
0
What is the ten thousands digit of 2220991?
2
What is the ten thousands digit of 981299?
8
What is the thousands digit of 33628?
3
What is the hundred thousands digit of 1011921?
0
What is the ten thousands digit of 23088323?
8
What is the units digit of 2210688?
8
What is the tens digit of 5291794?
9
What is the hundreds digit of 1982627?
6
What is the ten thousands digit of 430396?
3
What is the millions digit of 1234214?
1
What is the thousands digit of 1722776?
2
What is the tens digit of 1905636?
3
What is the hundred thousands digit of 678513?
6
What is the tens digit of 294754?
5
What is the thousands digit of 681089?
1
What is the millions digit of 13691041?
3
What is the millions digit of 1117106?
1
What is the thousands digit of 10405?
0
What is the hundred thousands digit of 580950?
5
What is the thousands digit of 385418?
5
What is the ten thousands digit of 785991?
8
What is the ten thousands digit of 26745006?
4
What is the ten thousands digit of 1724621?
2
What is the hundred thousands digit of 332305?
3
What is the ten thousands digit of 3753234?
5
What is the ten thousands digit of 136140?
3
What is the units digit of 9847807?
7
What is the units digit of 190070?
0
What is the thousands digit of 856245?
6
What is the ten thousands digit of 3624522?
2
What is the millions digit of 1113434?
1
What is the hundred thousands digit of 121302?
1
What is the ten thousands digit of 853776?
5
What is the hundreds digit of 20311761?
7
What is the units digit of 11955164?
4
What is the hundreds digit of 2646461?
4
What is the tens digit of 6552258?
5
What is the units digit of 4953734?
4
What is the units digit of 5732981?
1
What is the thousands digit of 265319?
5
What is the units digit of 3997188?
8
What is the tens digit of 890259?
5
What is the tens digit of 3817532?
3
What is the tens digit of 1121938?
3
What is the millions digit of 2207063?
2
What is the millions digit of 27436662?
7
What is the hundreds digit of 4442369?
3
What is the hundred thousands digit of 7298866?
2
What is the thousands digit of 22445440?
5
What is the millions digit of 2652563?
2
What is the ten millions digit of 36191600?
3
What is the ten thousands digit of 43035?
4
What is the tens digit of 1210667?
6
What is the units digit of 675527?
7
What is the tens digit of 12477518?
1
What is the ten thousands digit of 198064?
9
What is the tens digit of 141990?
9
What is the thousands digit of 6236253?
6
What is the tens digit of 6786544?
4
What is the hundreds digit of 1533442?
4
What is the tens digit of 337861?
6
What is the hundreds digit of 502772?
7
What is the hundred thousands digit of 1073191?
0
What is the thousands digit of 1235197?
5
What is the millions digit of 35941282?
5
What is the ten thousands digit of 6224665?
2
What is the hundred thousands digit of 963444?
9
What is the hundreds digit of 1696260?
2
What is the thousands digit of 2646122?
6
What is the units digit of 2328275?
5
What is the units digit of 569956?
6
What is the tens digit of 1616722?
2
What is the tens digit of 30412899?
9
What is the millions digit of 7855869?
7
What is the hundreds digit of 26658995?
9
What is the ten thousands digit of 794188?
9
What is the tens digit of 343247?
4
What is the tens digit of 6090305?
0
What is the thousands digit of 466705?
6
What is the thousands digit of 21897610?
7
What is the hundreds digit of 10765174?
1
What is the ten thousands digit of 1845720?
4
What is the thousands digit of 161437?
1
What is the tens digit of 544553?
5
What is the thousands dig